{"id":151,"date":"2019-10-05T10:13:52","date_gmt":"2019-10-05T08:13:52","guid":{"rendered":"http:\/\/www.historisches-bahnwasserkraftwerk-kammerl.de\/?page_id=151"},"modified":"2026-03-09T23:05:31","modified_gmt":"2026-03-09T22:05:31","slug":"termine-und-oeffnungszeiten","status":"publish","type":"page","link":"https:\/\/www.historisches-bahnwasserkraftwerk-kammerl.de\/?page_id=151","title":{"rendered":"Termine und \u00d6ffnungszeiten"},"content":{"rendered":"\n<p><strong>Das historische Bahnwasserkraftwerk Kammerl kann im Rahmen von F\u00fchrungen besichtigt werden.<\/strong><\/p>\n\n\n\n<p>Die Maschinenhalle des historischen Kraftwerks ist von Mai bis Oktober jeweils am 2. und 4. Sonntag im Monat ge\u00f6ffnet.<\/p>\n\n\n\n<p>\u00d6ffnungszeiten:<br>11:00 \u2013 15:00 Uhr<\/p>\n\n\n\n<p>F\u00fchrungen:<br>W\u00e4hrend der \u00d6ffnungstage finden F\u00fchrungen zu jeder vollen Stunde statt.<\/p>\n\n\n\n<p>Die letzte F\u00fchrung beginnt um 15:00 Uhr.<\/p>\n\n\n\n<p>Bei den F\u00fchrungen erhalten Sie Einblicke in die Geschichte des Bahnwasserkraftwerks Kammerl, die Technik der historischen Turbinen und Generatoren sowie die Bedeutung des Kraftwerks f\u00fcr die fr\u00fche Elektrifizierung der Eisenbahn.<\/p>\n\n\n\n<p>Eine Anmeldung ist nicht erforderlich.<br><\/p>\n\n\n\n<p><code><\/code><\/p>\n\n\n\n<p><strong>Hinweis<\/strong><\/p>\n\n\n\n<p>Unabh\u00e4ngig von den \u00d6ffnungszeiten k\u00f6nnen Sie bei einer Wanderung entlang der Ammer auch die wasserbaulichen Anlagen des Kraftwerks entdecken.<\/p>\n\n\n\n<p>Der Kanal, das Aqu\u00e4dukt sowie weitere Bauwerke geben einen eindrucksvollen Einblick in die Ingenieurkunst um 1900.<\/p>\n\n\n\n<p><strong>Sonderf\u00fchrungen<\/strong><\/p>\n\n\n\n<p>F\u00fchrungen f\u00fcr Gruppen, Schulen oder Vereine sind nach vorheriger Absprache m\u00f6glich.<\/p>\n\n\n\n<p>Kontakt:<br><a href=\"mailto:info@historisches-bahnwasserkraftwerk-kammerl.de\">info@historisches-bahnwasserkraftwerk-kammerl.de<\/a><\/p>\n\n\n\n<h3 class=\"wp-block-heading\">Hinweis zu Foto- und Filmaufnahmen:<\/h3>\n\n\n\n<p>Bei unseren Veranstaltungen werden unter Umst\u00e4nden Foto-, Ton- und Filmaufnahmen angefertigt, die in verschiedenen on- und offline Medien ver\u00f6ffentlicht werden. Diese Aufnahmen sind mit der bildlichen Darstellung von anwesenden Personen verbunden, wobei die Personenauswahl zuf\u00e4llig erfolgt. Eine Darstellung der Bilder erfolgt auf der Homepage, Printmedien und Social-Media-Kan\u00e4len des Veranstalters. Dies gilt auch f\u00fcr Veranstaltungen, die in Kooperation mit Dritten angeboten werden.<br>Mit dem Betreten des Veranstaltungsgel\u00e4ndes erfolgt die Einwilligung des Teilnehmers zur unentgeltlichen Ver\u00f6ffentlichung in vorstehender Art und Weise und Verbreitung und\/oder zeitlich uneingeschr\u00e4nkten Speicherung und Zug\u00e4nglichmachung des aufgenommenen Bild-, Ton- und Filmmaterials im Rahmen der \u00d6ffentlichkeitsarbeit des Veranstalters. Die Pers\u00f6nlichkeitsrechte bleiben in jedem Fall gewahrt.<\/p>\n\n\n\n<p>Sollte der Teilnehmer im Einzelfall nicht mit der Ver\u00f6ffentlichung seiner Person einverstanden sein, bitten wir um die unmittelbare Mitteilung bei den Verantwortlichen der Veranstaltungen.<\/p>\n","protected":false},"excerpt":{"rendered":"<p>Das historische Bahnwasserkraftwerk Kammerl kann im Rahmen von F\u00fchrungen besichtigt werden. Die Maschinenhalle des historischen Kraftwerks ist von Mai bis &hellip; <a href=\"https:\/\/www.historisches-bahnwasserkraftwerk-kammerl.de\/?page_id=151\" class=\"more-link\"><span class=\"more-button\">Continue reading &gt;<span class=\"screen-reader-text\">Termine und \u00d6ffnungszeiten<\/span><\/span><\/a><\/p>\n","protected":false},"author":1,"featured_media":0,"parent":0,"menu_order":0,"comment_status":"closed","ping_status":"closed","template":"","meta":{"footnotes":""},"class_list":["post-151","page","type-page","status-publish","hentry"],"yoast_head":"<!-- This site is optimized with the Yoast SEO plugin v27.4 - https:\/\/yoast.com\/product\/yoast-seo-wordpress\/ -->\n<title>Termine und \u00d6ffnungszeiten - F\u00f6rderverein historisches Bahn-Wasserkraftwerk Kammerl e.V.<\/title>\n<meta name=\"robots\" content=\"index, follow, max-snippet:-1, max-image-preview:large, max-video-preview:-1\" \/>\n<link rel=\"canonical\" href=\"https:\/\/www.historisches-bahnwasserkraftwerk-kammerl.de\/?page_id=151\" \/>\n<meta property=\"og:locale\" content=\"de_DE\" \/>\n<meta property=\"og:type\" content=\"article\" \/>\n<meta property=\"og:title\" content=\"Termine und \u00d6ffnungszeiten - F\u00f6rderverein historisches Bahn-Wasserkraftwerk Kammerl e.V.\" \/>\n<meta property=\"og:description\" content=\"Das historische Bahnwasserkraftwerk Kammerl kann im Rahmen von F\u00fchrungen besichtigt werden. Die Maschinenhalle des historischen Kraftwerks ist von Mai bis &hellip; Continue reading &gt;Termine und \u00d6ffnungszeiten\" \/>\n<meta property=\"og:url\" content=\"https:\/\/www.historisches-bahnwasserkraftwerk-kammerl.de\/?page_id=151\" \/>\n<meta property=\"og:site_name\" content=\"F\u00f6rderverein historisches Bahn-Wasserkraftwerk Kammerl e.V.\" \/>\n<meta property=\"article:modified_time\" content=\"2026-03-09T22:05:31+00:00\" \/>\n<meta name=\"twitter:card\" content=\"summary_large_image\" \/>\n<meta name=\"twitter:label1\" content=\"Gesch\u00e4tzte Lesezeit\" \/>\n\t<meta name=\"twitter:data1\" content=\"2\u00a0Minuten\" \/>\n<script type=\"application\/ld+json\" class=\"yoast-schema-graph\">{\"@context\":\"https:\\\/\\\/schema.org\",\"@graph\":[{\"@type\":\"WebPage\",\"@id\":\"https:\\\/\\\/www.historisches-bahnwasserkraftwerk-kammerl.de\\\/?page_id=151\",\"url\":\"https:\\\/\\\/www.historisches-bahnwasserkraftwerk-kammerl.de\\\/?page_id=151\",\"name\":\"Termine und \u00d6ffnungszeiten - F\u00f6rderverein historisches Bahn-Wasserkraftwerk Kammerl e.V.\",\"isPartOf\":{\"@id\":\"https:\\\/\\\/www.historisches-bahnwasserkraftwerk-kammerl.de\\\/#website\"},\"datePublished\":\"2019-10-05T08:13:52+00:00\",\"dateModified\":\"2026-03-09T22:05:31+00:00\",\"breadcrumb\":{\"@id\":\"https:\\\/\\\/www.historisches-bahnwasserkraftwerk-kammerl.de\\\/?page_id=151#breadcrumb\"},\"inLanguage\":\"de\",\"potentialAction\":[{\"@type\":\"ReadAction\",\"target\":[\"https:\\\/\\\/www.historisches-bahnwasserkraftwerk-kammerl.de\\\/?page_id=151\"]}]},{\"@type\":\"BreadcrumbList\",\"@id\":\"https:\\\/\\\/www.historisches-bahnwasserkraftwerk-kammerl.de\\\/?page_id=151#breadcrumb\",\"itemListElement\":[{\"@type\":\"ListItem\",\"position\":1,\"name\":\"Startseite\",\"item\":\"https:\\\/\\\/www.historisches-bahnwasserkraftwerk-kammerl.de\\\/\"},{\"@type\":\"ListItem\",\"position\":2,\"name\":\"Termine und \u00d6ffnungszeiten\"}]},{\"@type\":\"WebSite\",\"@id\":\"https:\\\/\\\/www.historisches-bahnwasserkraftwerk-kammerl.de\\\/#website\",\"url\":\"https:\\\/\\\/www.historisches-bahnwasserkraftwerk-kammerl.de\\\/\",\"name\":\"F\u00f6rderverein historisches Bahnwasserkraftwerk Kammerl e.V.\",\"description\":\"\",\"publisher\":{\"@id\":\"https:\\\/\\\/www.historisches-bahnwasserkraftwerk-kammerl.de\\\/#\\\/schema\\\/person\\\/a18f442131b7bc4e5e1d6b7890c31baf\"},\"potentialAction\":[{\"@type\":\"SearchAction\",\"target\":{\"@type\":\"EntryPoint\",\"urlTemplate\":\"https:\\\/\\\/www.historisches-bahnwasserkraftwerk-kammerl.de\\\/?s={search_term_string}\"},\"query-input\":{\"@type\":\"PropertyValueSpecification\",\"valueRequired\":true,\"valueName\":\"search_term_string\"}}],\"inLanguage\":\"de\"},{\"@type\":[\"Person\",\"Organization\"],\"@id\":\"https:\\\/\\\/www.historisches-bahnwasserkraftwerk-kammerl.de\\\/#\\\/schema\\\/person\\\/a18f442131b7bc4e5e1d6b7890c31baf\",\"name\":\"Webmaster\",\"image\":{\"@type\":\"ImageObject\",\"inLanguage\":\"de\",\"@id\":\"https:\\\/\\\/www.historisches-bahnwasserkraftwerk-kammerl.de\\\/wp-content\\\/uploads\\\/2026\\\/03\\\/cropped-FV-Kammerl_Logo_neu-1.png\",\"url\":\"https:\\\/\\\/www.historisches-bahnwasserkraftwerk-kammerl.de\\\/wp-content\\\/uploads\\\/2026\\\/03\\\/cropped-FV-Kammerl_Logo_neu-1.png\",\"contentUrl\":\"https:\\\/\\\/www.historisches-bahnwasserkraftwerk-kammerl.de\\\/wp-content\\\/uploads\\\/2026\\\/03\\\/cropped-FV-Kammerl_Logo_neu-1.png\",\"width\":300,\"height\":79,\"caption\":\"Webmaster\"},\"logo\":{\"@id\":\"https:\\\/\\\/www.historisches-bahnwasserkraftwerk-kammerl.de\\\/wp-content\\\/uploads\\\/2026\\\/03\\\/cropped-FV-Kammerl_Logo_neu-1.png\"}}]}<\/script>\n<!-- \/ Yoast SEO plugin. -->","yoast_head_json":{"title":"Termine und \u00d6ffnungszeiten - F\u00f6rderverein historisches Bahn-Wasserkraftwerk Kammerl e.V.","robots":{"index":"index","follow":"follow","max-snippet":"max-snippet:-1","max-image-preview":"max-image-preview:large","max-video-preview":"max-video-preview:-1"},"canonical":"https:\/\/www.historisches-bahnwasserkraftwerk-kammerl.de\/?page_id=151","og_locale":"de_DE","og_type":"article","og_title":"Termine und \u00d6ffnungszeiten - F\u00f6rderverein historisches Bahn-Wasserkraftwerk Kammerl e.V.","og_description":"Das historische Bahnwasserkraftwerk Kammerl kann im Rahmen von F\u00fchrungen besichtigt werden. Die Maschinenhalle des historischen Kraftwerks ist von Mai bis &hellip; Continue reading &gt;Termine und \u00d6ffnungszeiten","og_url":"https:\/\/www.historisches-bahnwasserkraftwerk-kammerl.de\/?page_id=151","og_site_name":"F\u00f6rderverein historisches Bahn-Wasserkraftwerk Kammerl e.V.","article_modified_time":"2026-03-09T22:05:31+00:00","twitter_card":"summary_large_image","twitter_misc":{"Gesch\u00e4tzte Lesezeit":"2\u00a0Minuten"},"schema":{"@context":"https:\/\/schema.org","@graph":[{"@type":"WebPage","@id":"https:\/\/www.historisches-bahnwasserkraftwerk-kammerl.de\/?page_id=151","url":"https:\/\/www.historisches-bahnwasserkraftwerk-kammerl.de\/?page_id=151","name":"Termine und \u00d6ffnungszeiten - F\u00f6rderverein historisches Bahn-Wasserkraftwerk Kammerl e.V.","isPartOf":{"@id":"https:\/\/www.historisches-bahnwasserkraftwerk-kammerl.de\/#website"},"datePublished":"2019-10-05T08:13:52+00:00","dateModified":"2026-03-09T22:05:31+00:00","breadcrumb":{"@id":"https:\/\/www.historisches-bahnwasserkraftwerk-kammerl.de\/?page_id=151#breadcrumb"},"inLanguage":"de","potentialAction":[{"@type":"ReadAction","target":["https:\/\/www.historisches-bahnwasserkraftwerk-kammerl.de\/?page_id=151"]}]},{"@type":"BreadcrumbList","@id":"https:\/\/www.historisches-bahnwasserkraftwerk-kammerl.de\/?page_id=151#breadcrumb","itemListElement":[{"@type":"ListItem","position":1,"name":"Startseite","item":"https:\/\/www.historisches-bahnwasserkraftwerk-kammerl.de\/"},{"@type":"ListItem","position":2,"name":"Termine und \u00d6ffnungszeiten"}]},{"@type":"WebSite","@id":"https:\/\/www.historisches-bahnwasserkraftwerk-kammerl.de\/#website","url":"https:\/\/www.historisches-bahnwasserkraftwerk-kammerl.de\/","name":"F\u00f6rderverein historisches Bahnwasserkraftwerk Kammerl e.V.","description":"","publisher":{"@id":"https:\/\/www.historisches-bahnwasserkraftwerk-kammerl.de\/#\/schema\/person\/a18f442131b7bc4e5e1d6b7890c31baf"},"potentialAction":[{"@type":"SearchAction","target":{"@type":"EntryPoint","urlTemplate":"https:\/\/www.historisches-bahnwasserkraftwerk-kammerl.de\/?s={search_term_string}"},"query-input":{"@type":"PropertyValueSpecification","valueRequired":true,"valueName":"search_term_string"}}],"inLanguage":"de"},{"@type":["Person","Organization"],"@id":"https:\/\/www.historisches-bahnwasserkraftwerk-kammerl.de\/#\/schema\/person\/a18f442131b7bc4e5e1d6b7890c31baf","name":"Webmaster","image":{"@type":"ImageObject","inLanguage":"de","@id":"https:\/\/www.historisches-bahnwasserkraftwerk-kammerl.de\/wp-content\/uploads\/2026\/03\/cropped-FV-Kammerl_Logo_neu-1.png","url":"https:\/\/www.historisches-bahnwasserkraftwerk-kammerl.de\/wp-content\/uploads\/2026\/03\/cropped-FV-Kammerl_Logo_neu-1.png","contentUrl":"https:\/\/www.historisches-bahnwasserkraftwerk-kammerl.de\/wp-content\/uploads\/2026\/03\/cropped-FV-Kammerl_Logo_neu-1.png","width":300,"height":79,"caption":"Webmaster"},"logo":{"@id":"https:\/\/www.historisches-bahnwasserkraftwerk-kammerl.de\/wp-content\/uploads\/2026\/03\/cropped-FV-Kammerl_Logo_neu-1.png"}}]}},"_links":{"self":[{"href":"https:\/\/www.historisches-bahnwasserkraftwerk-kammerl.de\/index.php?rest_route=\/wp\/v2\/pages\/151","targetHints":{"allow":["GET"]}}],"collection":[{"href":"https:\/\/www.historisches-bahnwasserkraftwerk-kammerl.de\/index.php?rest_route=\/wp\/v2\/pages"}],"about":[{"href":"https:\/\/www.historisches-bahnwasserkraftwerk-kammerl.de\/index.php?rest_route=\/wp\/v2\/types\/page"}],"author":[{"embeddable":true,"href":"https:\/\/www.historisches-bahnwasserkraftwerk-kammerl.de\/index.php?rest_route=\/wp\/v2\/users\/1"}],"replies":[{"embeddable":true,"href":"https:\/\/www.historisches-bahnwasserkraftwerk-kammerl.de\/index.php?rest_route=%2Fwp%2Fv2%2Fcomments&post=151"}],"version-history":[{"count":25,"href":"https:\/\/www.historisches-bahnwasserkraftwerk-kammerl.de\/index.php?rest_route=\/wp\/v2\/pages\/151\/revisions"}],"predecessor-version":[{"id":538,"href":"https:\/\/www.historisches-bahnwasserkraftwerk-kammerl.de\/index.php?rest_route=\/wp\/v2\/pages\/151\/revisions\/538"}],"wp:attachment":[{"href":"https:\/\/www.historisches-bahnwasserkraftwerk-kammerl.de\/index.php?rest_route=%2Fwp%2Fv2%2Fmedia&parent=151"}],"curies":[{"name":"wp","href":"https:\/\/api.w.org\/{rel}","templated":true}]}}